-57)/18). Suppose i*c - 2029 = 6*j - 4*j, c - 392 = 5*j. What are the prime factors of c?
11, 37
Let r(d) = -286*d**3 - 17*d**2 - 28*d + 1. Let u be r(-2). Suppose -38*o + u = -15*o. What are the prime factors of o?
3, 11
Let d(a) = 13*a**2 - 2*a + 5. Let h(p) = -p**3 + p**2 + p - 1. Let z(f) = d(f) - h(f). List the prime factors of z(-5).
2, 7
Suppose -21510 - 3150 = -12*w. Suppose 2*o + 737 = w. List the prime factors of o.
659
Suppose -43*p + 22 = -107. Suppose p*w + 37*w - 12120 = 0. What are the prime factors of w?
3, 101
Let g(y) be the first derivative of -200*y**2 - 38. List the prime factors of g(-2).
2, 5
Let y = -24 - -23. Let b(w) = -6*w**3 - w**2 + 2*w + 2. Let q be b(y). Suppose q*i = 7*i - 24. What are the prime factors of i?
2, 3
Let t = -181 + 293. Let x = -261 + t. Let z = x - -267. List the prime factors of z.
2, 59
Let j be -11 + (11 - -3) - (0 + 0). What are the prime factors of (-9 + 16 + -4)/(j/131)?
131
Let p be (-73)/(-9) - 2/18. Suppose 5*o + v + 28 = 3*v, -o - p = 2*v. What are the prime factors of 9/(-3)*164/o?
2, 41
Let a(w) = -w**2 + 12*w + 20. Let l be a(15). Let v = l - -33. List the prime factors of 3/((-10)/(-200)*15/v).
2
Let c be (120/(-9))/(-5)*21/14. Suppose p = c*p - 2298. What are the prime factors of p?
2, 383
Suppose -12*m + 15*m = -2*p + 5109, 3*p - 7672 = 4*m. Let f = p - 768. List the prime factors of f.
2, 3, 149
Let y(r) be the first derivative of -171*r**2/2 + 102*r - 102. List the prime factors of y(-4).
2, 3, 131
Suppose -4*c - 20 = 0, 0 = 3*y - 31*c + 30*c - 10241. List the prime factors of y.
2, 853
Let x = -7 + 13. Let q = 172 + x. List the prime factors of q.
2, 89
List the prime factors of (-23 - -13 - -3) + 6739.
2, 3, 11, 17
Let a = -383 + 390. List the prime factors of (-7 - -12 - a) + 673.
11, 61
Let t(z) = -7*z**3 + 4*z**2 - 15*z - 1. Let s(a) = 20*a**3 - 13*a**2 + 44*a + 2. Let i(g) = 6*s(g) + 17*t(g). List the prime factors of i(13).
619
Let w = -161 + 161. Suppose w = 5*r - 535 - 1160. List the prime factors of r.
3, 113
Let t(j) = -5*j**2 - 25*j + 39. Let n be t(-15). Let y = n + 787. List the prime factors of y.
2, 19
Let h(w) = 10*w + 45. Let s(k) = -3*k - 15. Let f(i) = -2*h(i) - 7*s(i). Let g be f(-11). Suppose -g*r = -22 - 6. List the prime factors of r.
7
Let c(o) be the third derivative of 31*o**5/10 + o**4/24 + o**3/3 - 104*o**2. List the prime factors of c(1).
3, 7
Suppose -114829 = 88*a - 101*a. What are the prime factors of a?
11, 73
Let t(g) = g**3 - 126*g**2 - 421*g - 587. What are the prime factors of t(133)?
11, 6113
Let w = 45 + -43. Suppose 5*q + 9 = w*q. Let m(v) = -8*v + 13. What are the prime factors of m(q)?
37
Let w(c) be the third derivative of c**4/8 + 28*c**3/3 + c**2. Let p be w(12). Let k = p - 67. List the prime factors of k.
5
Let u = 2516 + 25215. List the prime factors of u.
11, 2521
Suppose 0 = -67*s + 71*s - 29192. List the prime factors of s.
2, 41, 89
Suppose 2*m - 86 = -80. Suppose m*r + 367 = 5*s - 90, 340 = 4*s + 4*r. List the prime factors of s.
89
Let v = 25538 + 23282. List the prime factors of v.
2, 5, 2441
Let c be 920 + (-30)/(-12) + 9/6. Suppose -468 = -r + a, -r = -3*r + 5*a + c. List the prime factors of r.
2, 59
Let q = 213 + 190. What are the prime factors of q?
13, 31
Let i(r) = 162*r**2 - 95*r + 690. List the prime factors of i(8).
2, 19, 271
Suppose -2*q + o + 26 = 0, -5*q - o + 58 = -0*o. Let i(d) = -d**2 + 13*d - 10. Let t be i(q). What are the prime factors of 1/t*-789*(-10)/15?
263
Let l = 388 - 123. Let m(y) = 5*y**2 - 8*y - 5. Let v be m(-5). Suppose -5*z = -v - l. List the prime factors of z.
5, 17
Let o(w) = -2*w**3 - 59*w**2 + 107*w - 137. List the prime factors of o(-36).
7, 11, 167
Let j = 6190 - 5041. What are the prime factors of j?
3, 383
Let t = 168 + -267. Let y be 0 + t/(12/(-4)). Let r = -31 + y. List the prime factors of r.
2
Suppose 3226 = 3*q + 5*k, -2*q = 15*k - 19*k - 2114. What are the prime factors of q?
11, 97
Suppose 1665*t = 1669*t - 57704. What are the prime factors of t?
2, 7213
Let g(k) = -37 + 39*k**2 - 3*k + 3*k - 4 - 1. What are the prime factors of g(-5)?
3, 311
What are the prime factors of ((-120)/1560 - 37/26) + 321105/6?
2, 17, 787
Let x(i) = -3*i + 22. Let c be x(5). Suppose -844 = -11*f + c*f. What are the prime factors of f?
211
Suppose -5*x + 141 = 3*a, -5*a = 2*x + 3*x - 245. Let p(t) = -2*t + 2*t**2 + t - 13 + t**3 + a. What are the prime factors of p(0)?
3, 13
Suppose 35*z = 31*z + 12. Let r be (-4)/z - 18130/(-21). List the prime factors of 10/40 + r/8.
2, 3
Let u(c) = -5*c**3 - 20*c**2 + 11*c + 13. What are the prime factors of u(-10)?
2903
Suppose 88*a = 10*a + 188994. What are the prime factors of a?
2423
Suppose -2*z + 5*z - 3*w = 720, 3*z - 738 = -3*w. List the prime factors of (-166)/3*z/(-54).
3, 83
Let g(z) = -z**3 - 21*z**2 + 53*z - 94. List the prime factors of g(-33).
5, 449
Let f = 5539 + -3726. Suppose -f = -7*u + 21. List the prime factors of u.
2, 131
Suppose 2*g - 3*f - 14674 = 0, 8*f = 5*g + 5*f - 36721. What are the prime factors of g?
7349
Let q = 650 + -618. Suppose 24*m - 81424 = -q*m. What are the prime factors of m?
2, 727
Let l = -76 - -69. Let s(n) = 7*n**2 + 31*n + 17. What are the prime factors of s(l)?
11, 13
Let s(a) = 58*a**2 + 6*a + 9. List the prime factors of s(-13).
9733
Suppose -683*j + 246 = -724*j. Let u(c) = c**2. Let f(n) = -n**2 + 4*n - 1. Let m(k) = f(k) + 5*u(k). List the prime factors of m(j).
7, 17
What are the prime factors of 12 + (-26)/((-52)/34986)?
3, 5, 389
Let s(m) = 942*m + 937. List the prime factors of s(7).
17, 443
What are the prime factors of 32456 - (105/(-5) + 16)?
11, 13, 227
Let l(q) = -q**3 + 4*q**2 + 6*q - 14. Let c be l(3). Suppose -9*s - 1876 = -c*s. What are the prime factors of s?
7, 67
Let o = -24 - -24. Suppose 5*j + g - 6051 + 459 = o, 0 = -3*j - g + 3354. What are the prime factors of j?
3, 373
Suppose 1464016 = -12*s + 64*s + 22*s. List the prime factors of s.
2, 2473
What are the prime factors of (4 - (-27)/(-6))*(-16403 + 4 + -7)?
13, 631
Let j = 93 - 93. Let i be -3 + 10 + 0 + j + -2. Suppose 2*d = p + 5*d - 27, -i*p - 2*d + 83 = 0. What are the prime factors of p?
3, 5
Let d(t) = 5*t - 17. Let g be d(4). List the prime factors of (g - (-1 - -3))*(-125)/(-1).
5
Let v = 733 - 710. Suppose 0 = -v*m - 26*m + 75460. What are the prime factors of m?
2, 5, 7, 11
Let k = 56 + -46. Let w(q) = q**3 - 9*q**2 - 9*q + 22. Let z be w(k). Suppose z*f - 27*f = 240. What are the prime factors of f?
2, 3
Suppose -34548 = -3*c - 4*y, 4*c - 17*y - 46120 = -13*y. List the prime factors of c.
2, 43, 67
Let r(c) = c**3 + 9*c**2 + 5*c - 13. Let s be r(-8). Suppose 390 = 24*i - s*i. What are the prime factors of i?
2, 3, 5
Let w(f) = f**3 + 13*f**2 - 3. Let k be w(-13). What are the prime factors of (-35)/(-1) - 6/6*k?
2, 19
Let i(q) = 215*q + 1135. List the prime factors of i(56).
5, 17, 31
Suppose -99 = -5*g + 471. Suppose b + 4 = -2*w + 1, -2*w = -2*b + 18. Suppose -2*l + g = 2*k, 0 = 3*k + b*l - 23 - 146. What are the prime factors of k?
2, 29
Let p(m) = m**3 + 12*m**2 + 20*m + 34. Let h be p(-10). Let d = 190 - h. What are the prime factors of d?
2, 3, 13
What are the prime factors of (8/(-66) - 4/(-6)) + 15627964/2057?
2, 29, 131
Suppose -14*f - 15163 = -17*f - 4*x, f - 5046 = -3*x. What are the prime factors of f?
3, 7, 241
Let t be (-1 - -7)/((-18)/(-30)). What are the prime factors of 1/(t/(-16))*(-8940)/24?
2, 149
Suppose 2*w - 2*q - 3568 = 0, -7138 = -0*w - 4*w + 2*q. What are the prime factors of w?
3, 5, 7, 17
Let l = -9 + 181. Let f = 217 - l. List the prime factors of f.
3, 5
Suppose -390 = -18*b - 11172. Let p = b + 1016. List the prime factors of p.
3, 139
What are the prime factors of 5565 + 2/(-3)*-1 + 116/(-174)?
3, 5, 7, 53
Let q(h) = -h**3 - 25*h**2 + 9*h - 78. Let g be q(-26). Let c = g + 62. What are the prime factors of c?
2, 3, 71
What are the prime factors of (-4380200)/(-900) + 10/9?
2, 1217
Let g(l) = -9825*l + 422. What are the prime factors of g(-1)?
10247
Suppose 24048 = 3*u + 2*l, 18*l + 40048 = 5*u + 16*l. What are the prime factors of u?
2, 2003
What are the prime factors of 2988*(6/(-7))/(3/(-7))?
2, 3, 83
Let c(w) = w**2 - 13*w + 13. Let v(a) = a**2 - a - 8. Let o be v(5). Let t be c(o). What